{"id":20,"date":"2018-12-03T09:54:46","date_gmt":"2018-12-03T08:54:46","guid":{"rendered":"https:\/\/www.aec-vacances-boutique.com\/?post_type=product&#038;p=20"},"modified":"2018-12-03T13:50:11","modified_gmt":"2018-12-03T12:50:11","slug":"cheque-cadeau-100e","status":"publish","type":"product","link":"https:\/\/www.aec-vacances-boutique.com\/index.php\/produit\/cheque-cadeau-100e\/","title":{"rendered":"Bon cadeau"},"content":{"rendered":"<p>Ch\u00e8que cadeau valable 2 ans \u00e0 date d&rsquo;achat, dans tous nos villages vacances (sauf village partenaire) et pour toutes nos formules (pension compl\u00e8te, demi pension, location).<\/p>\n","protected":false},"excerpt":{"rendered":"<p>Ch\u00e8que cadeau valable 2 ans \u00e0 date d&rsquo;achat, dans tous nos villages vacances (sauf village partenaire) et pour toutes nos formules (pension compl\u00e8te, demi pension, location).<\/p>\n","protected":false},"featured_media":28,"comment_status":"closed","ping_status":"closed","template":"","meta":{"_et_pb_use_builder":"off","_et_pb_old_content":"<p>Ch\u00e8que cadeau valable 2 ans \u00e0 date d'achat, dans tous nos villages vacances (sauf village partenaire) et pour toutes nos formules (pension compl\u00e8te, demi pension, location).<\/p>","_et_gb_content_width":""},"product_cat":[16],"product_tag":[],"_links":{"self":[{"href":"https:\/\/www.aec-vacances-boutique.com\/index.php\/wp-json\/wp\/v2\/product\/20"}],"collection":[{"href":"https:\/\/www.aec-vacances-boutique.com\/index.php\/wp-json\/wp\/v2\/product"}],"about":[{"href":"https:\/\/www.aec-vacances-boutique.com\/index.php\/wp-json\/wp\/v2\/types\/product"}],"replies":[{"embeddable":true,"href":"https:\/\/www.aec-vacances-boutique.com\/index.php\/wp-json\/wp\/v2\/comments?post=20"}],"wp:featuredmedia":[{"embeddable":true,"href":"https:\/\/www.aec-vacances-boutique.com\/index.php\/wp-json\/wp\/v2\/media\/28"}],"wp:attachment":[{"href":"https:\/\/www.aec-vacances-boutique.com\/index.php\/wp-json\/wp\/v2\/media?parent=20"}],"wp:term":[{"taxonomy":"product_cat","embeddable":true,"href":"https:\/\/www.aec-vacances-boutique.com\/index.php\/wp-json\/wp\/v2\/product_cat?post=20"},{"taxonomy":"product_tag","embeddable":true,"href":"https:\/\/www.aec-vacances-boutique.com\/index.php\/wp-json\/wp\/v2\/product_tag?post=20"}],"curies":[{"name":"wp","href":"https:\/\/api.w.org\/{rel}","templated":true}]}}